{"id":8,"date":"2026-02-18T11:32:10","date_gmt":"2026-02-18T11:32:10","guid":{"rendered":"https:\/\/fomogroup.fr\/?page_id=8"},"modified":"2026-02-24T11:20:41","modified_gmt":"2026-02-24T10:20:41","slug":"homepage","status":"publish","type":"page","link":"https:\/\/fomogroup.fr\/","title":{"rendered":"Homepage"},"content":{"rendered":"\t\t<div data-elementor-type=\"wp-page\" data-elementor-id=\"8\" class=\"elementor elementor-8\">\n\t\t\t\t<div class=\"elementor-element elementor-element-4ee9fd0 e-con-full e-flex e-con e-parent\" data-id=\"4ee9fd0\" data-element_type=\"container\" data-e-type=\"container\" data-settings=\"{&quot;background_background&quot;:&quot;classic&quot;}\">\n\t\t\t\t<div class=\"elementor-element elementor-element-0a40aa8 elementor-widget__width-inherit elementor-widget elementor-widget-video\" data-id=\"0a40aa8\" data-element_type=\"widget\" data-e-type=\"widget\" data-settings=\"{&quot;youtube_url&quot;:&quot;https:\\\/\\\/youtu.be\\\/ngoIthq4f_c&quot;,&quot;autoplay&quot;:&quot;yes&quot;,&quot;video_type&quot;:&quot;youtube&quot;}\" data-widget_type=\"video.default\">\n\t\t\t\t\t\t\t<div class=\"elementor-wrapper elementor-open-inline\">\n\t\t\t<div class=\"elementor-video\"><\/div>\t\t<\/div>\n\t\t\t\t\t\t<\/div>\n\t\t<div class=\"elementor-element elementor-element-950cb05 e-con-full e-flex e-con e-child\" data-id=\"950cb05\" data-element_type=\"container\" data-e-type=\"container\">\n\t\t\t\t<div class=\"elementor-element elementor-element-f7fa4ea elementor-widget__width-inherit animated-slow e-transform e-transform e-transform e-transform elementor-widget elementor-widget-heading\" data-id=\"f7fa4ea\" data-element_type=\"widget\" data-e-type=\"widget\" data-settings=\"{&quot;_animation&quot;:&quot;none&quot;,&quot;_animation_delay&quot;:200,&quot;_transform_rotateZ_effect_hover&quot;:{&quot;unit&quot;:&quot;px&quot;,&quot;size&quot;:158,&quot;sizes&quot;:[]},&quot;_transform_translateX_effect_hover&quot;:{&quot;unit&quot;:&quot;px&quot;,&quot;size&quot;:0,&quot;sizes&quot;:[]},&quot;_transform_scale_effect_hover&quot;:{&quot;unit&quot;:&quot;px&quot;,&quot;size&quot;:0,&quot;sizes&quot;:[]},&quot;_transform_rotateZ_effect_hover_tablet&quot;:{&quot;unit&quot;:&quot;deg&quot;,&quot;size&quot;:&quot;&quot;,&quot;sizes&quot;:[]},&quot;_transform_rotateZ_effect_hover_mobile&quot;:{&quot;unit&quot;:&quot;deg&quot;,&quot;size&quot;:&quot;&quot;,&quot;sizes&quot;:[]},&quot;_transform_translateX_effect_hover_tablet&quot;:{&quot;unit&quot;:&quot;px&quot;,&quot;size&quot;:&quot;&quot;,&quot;sizes&quot;:[]},&quot;_transform_translateX_effect_hover_mobile&quot;:{&quot;unit&quot;:&quot;px&quot;,&quot;size&quot;:&quot;&quot;,&quot;sizes&quot;:[]},&quot;_transform_translateY_effect_hover&quot;:{&quot;unit&quot;:&quot;px&quot;,&quot;size&quot;:&quot;&quot;,&quot;sizes&quot;:[]},&quot;_transform_translateY_effect_hover_tablet&quot;:{&quot;unit&quot;:&quot;px&quot;,&quot;size&quot;:&quot;&quot;,&quot;sizes&quot;:[]},&quot;_transform_translateY_effect_hover_mobile&quot;:{&quot;unit&quot;:&quot;px&quot;,&quot;size&quot;:&quot;&quot;,&quot;sizes&quot;:[]},&quot;_transform_scale_effect_hover_tablet&quot;:{&quot;unit&quot;:&quot;px&quot;,&quot;size&quot;:&quot;&quot;,&quot;sizes&quot;:[]},&quot;_transform_scale_effect_hover_mobile&quot;:{&quot;unit&quot;:&quot;px&quot;,&quot;size&quot;:&quot;&quot;,&quot;sizes&quot;:[]},&quot;_transform_skewX_effect_hover&quot;:{&quot;unit&quot;:&quot;px&quot;,&quot;size&quot;:&quot;&quot;,&quot;sizes&quot;:[]},&quot;_transform_skewX_effect_hover_tablet&quot;:{&quot;unit&quot;:&quot;deg&quot;,&quot;size&quot;:&quot;&quot;,&quot;sizes&quot;:[]},&quot;_transform_skewX_effect_hover_mobile&quot;:{&quot;unit&quot;:&quot;deg&quot;,&quot;size&quot;:&quot;&quot;,&quot;sizes&quot;:[]},&quot;_transform_skewY_effect_hover&quot;:{&quot;unit&quot;:&quot;px&quot;,&quot;size&quot;:&quot;&quot;,&quot;sizes&quot;:[]},&quot;_transform_skewY_effect_hover_tablet&quot;:{&quot;unit&quot;:&quot;deg&quot;,&quot;size&quot;:&quot;&quot;,&quot;sizes&quot;:[]},&quot;_transform_skewY_effect_hover_mobile&quot;:{&quot;unit&quot;:&quot;deg&quot;,&quot;size&quot;:&quot;&quot;,&quot;sizes&quot;:[]}}\" data-widget_type=\"heading.default\">\n\t\t\t\t\t<h1 class=\"elementor-heading-title elementor-size-default\">FOMO - cr\u00e9er, produire, f\u00e9d\u00e9rer<\/h1>\t\t\t\t<\/div>\n\t\t\t\t<\/div>\n\t\t\t\t<\/div>\n\t\t<div class=\"elementor-element elementor-element-1b69a845 e-flex e-con-boxed e-con e-parent\" data-id=\"1b69a845\" data-element_type=\"container\" data-e-type=\"container\" data-settings=\"{&quot;background_background&quot;:&quot;classic&quot;}\">\n\t\t\t\t\t<div class=\"e-con-inner\">\n\t\t\t\t<div class=\"elementor-element elementor-element-c3796cf elementor-widget elementor-widget-text-editor\" data-id=\"c3796cf\" data-element_type=\"widget\" data-e-type=\"widget\" data-widget_type=\"text-editor.default\">\n\t\t\t\t\t\t\t\t\t<p><b>FOMO est une agence cr\u00e9ative ind\u00e9pendante au croisement de la culture, de l\u2019image et du son.<\/b><b><br \/><\/b><span style=\"font-weight: 400;\"> Nous accompagnons les marques, les artistes et les projets ambitieux dans la cr\u00e9ation de contenus forts, authentiques et ancr\u00e9s dans leur \u00e9poque.<br \/><\/span><span style=\"font-weight: 400;\">On analyse, on comprend, puis on cr\u00e9e.<\/span><span style=\"font-weight: 400;\"><br \/><\/span><span style=\"font-weight: 400;\"> Chaque client a ses enjeux, son public, son terrain de jeu.<\/span><span style=\"font-weight: 400;\"><br \/><\/span><span style=\"font-weight: 400;\"> Notre r\u00f4le : trouver l\u2019axe juste pour transformer une vision en <\/span><b>r\u00e9sultats concrets<\/b><span style=\"font-weight: 400;\">.<\/span><\/p>\t\t\t\t\t\t\t\t<\/div>\n\t\t\t\t<div class=\"elementor-element elementor-element-34b5bed elementor-widget elementor-widget-text-editor\" data-id=\"34b5bed\" data-element_type=\"widget\" data-e-type=\"widget\" data-widget_type=\"text-editor.default\">\n\t\t\t\t\t\t\t\t\t<p><b>FOMO existe pour faire grandir les projets, pas seulement les rendre beaux.<\/b><\/p>\t\t\t\t\t\t\t\t<\/div>\n\t\t\t\t<div class=\"elementor-element elementor-element-f8e4811 elementor-widget elementor-widget-text-editor\" data-id=\"f8e4811\" data-element_type=\"widget\" data-e-type=\"widget\" data-widget_type=\"text-editor.default\">\n\t\t\t\t\t\t\t\t\t<p><b>\u00a0<\/b><span style=\"font-weight: 400;\">\u00a0<\/span>Notre objectif est clair :<\/p><ul><li style=\"font-weight: 400;\" aria-level=\"1\"><span style=\"font-weight: 400;\">d\u00e9velopper votre <\/span><b>chiffre d\u2019affaires<\/b><\/li><li style=\"font-weight: 400;\" aria-level=\"1\">renforcer votre <b>visibilit\u00e9<\/b><\/li><\/ul><p>\u00a0<\/p><ul><li style=\"font-weight: 400;\" aria-level=\"1\">construire une <b>fan base ou une client\u00e8le fid\u00e8le<\/b><\/li><li style=\"font-weight: 400;\" aria-level=\"1\">et structurer une <b>strat\u00e9gie de communication durable<\/b>.<\/li><\/ul>\t\t\t\t\t\t\t\t<\/div>\n\t\t\t\t<div class=\"elementor-element elementor-element-b6daaa3 elementor-widget elementor-widget-text-editor\" data-id=\"b6daaa3\" data-element_type=\"widget\" data-e-type=\"widget\" data-widget_type=\"text-editor.default\">\n\t\t\t\t\t\t\t\t\t<p>Chaque projet est pens\u00e9 sur mesure, en liant <b>image, culture et performance<\/b>.<\/p>\t\t\t\t\t\t\t\t<\/div>\n\t\t\t\t<div class=\"elementor-element elementor-element-7705e1d elementor-widget elementor-widget-text-editor\" data-id=\"7705e1d\" data-element_type=\"widget\" data-e-type=\"widget\" data-widget_type=\"text-editor.default\">\n\t\t\t\t\t\t\t\t\t<p><span style=\"font-weight: 400;\">Nous collaborons avec :<\/span><\/p><ul><li style=\"font-weight: 400;\" aria-level=\"1\"><b>TPE, PME &amp; entrepreneurs<\/b><span style=\"font-weight: 400;\"><br \/><\/span><\/li><li style=\"font-weight: 400;\" aria-level=\"1\"><b>Artistes &amp; cr\u00e9ateurs<\/b><span style=\"font-weight: 400;\"><br \/><\/span><\/li><\/ul><p>\u00a0<\/p><ul><li style=\"font-weight: 400;\" aria-level=\"1\"><b>Particuliers &amp; collectifs<\/b><span style=\"font-weight: 400;\"><br \/><\/span><\/li><li style=\"font-weight: 400;\" aria-level=\"1\"><b>Institutions culturelles &amp; \u00e9v\u00e9nements<\/b><b><br \/><\/b><\/li><\/ul>\t\t\t\t\t\t\t\t<\/div>\n\t\t\t\t<div class=\"elementor-element elementor-element-15e9605 elementor-widget__width-inherit elementor-widget elementor-widget-text-editor\" data-id=\"15e9605\" data-element_type=\"widget\" data-e-type=\"widget\" data-widget_type=\"text-editor.default\">\n\t\t\t\t\t\t\t\t\t<p><span style=\"font-weight: 400;\">Chez FOMO, <\/span><b>tout le monde est le bienvenu<\/b><span style=\"font-weight: 400;\">, tant que que t\u2019es dr\u00f4le !<\/span><\/p>\t\t\t\t\t\t\t\t<\/div>\n\t\t<div class=\"elementor-element elementor-element-91dc843 e-flex e-con-boxed e-con e-child\" data-id=\"91dc843\" data-element_type=\"container\" data-e-type=\"container\" data-settings=\"{&quot;background_background&quot;:&quot;classic&quot;}\">\n\t\t\t\t\t<div class=\"e-con-inner\">\n\t\t\t\t<div class=\"elementor-element elementor-element-9ead25d elementor-widget elementor-widget-heading\" data-id=\"9ead25d\" data-element_type=\"widget\" data-e-type=\"widget\" data-widget_type=\"heading.default\">\n\t\t\t\t\t<h2 class=\"elementor-heading-title elementor-size-default\">nos services<\/h2>\t\t\t\t<\/div>\n\t\t\t\t\t<\/div>\n\t\t\t\t<\/div>\n\t\t\t\t\t<\/div>\n\t\t\t\t<\/div>\n\t\t<div class=\"elementor-element elementor-element-0708257 e-grid e-con-boxed e-con e-parent\" data-id=\"0708257\" data-element_type=\"container\" data-e-type=\"container\" data-settings=\"{&quot;background_background&quot;:&quot;classic&quot;}\">\n\t\t\t\t\t<div class=\"e-con-inner\">\n\t\t\t\t<div class=\"elementor-element elementor-element-b770e86 elementor-widget elementor-widget-image\" data-id=\"b770e86\" data-element_type=\"widget\" data-e-type=\"widget\" data-widget_type=\"image.default\">\n\t\t\t\t\t\t\t\t\t\t\t\t\t\t\t<img fetchpriority=\"high\" decoding=\"async\" width=\"600\" height=\"900\" src=\"http:\/\/fomogroup.fr\/wp-content\/uploads\/2026\/02\/StockSnap_6O7JXC5DC5-600x900.jpg\" class=\"attachment-portfolio_item-thumbnail_portrait size-portfolio_item-thumbnail_portrait wp-image-7\" alt=\"\" sizes=\"100vw\" \/>\t\t\t\t\t\t\t\t\t\t\t\t\t\t\t<\/div>\n\t\t\t\t<div class=\"elementor-element elementor-element-7d337a0 elementor-widget elementor-widget-image\" data-id=\"7d337a0\" data-element_type=\"widget\" data-e-type=\"widget\" data-widget_type=\"image.default\">\n\t\t\t\t\t\t\t\t\t\t\t\t\t\t\t<img decoding=\"async\" width=\"600\" height=\"900\" src=\"http:\/\/fomogroup.fr\/wp-content\/uploads\/2026\/02\/StockSnap_M6D1GS9PSL-600x900.jpg\" class=\"attachment-portfolio_item-thumbnail_portrait size-portfolio_item-thumbnail_portrait wp-image-6\" alt=\"\" sizes=\"100vw\" \/>\t\t\t\t\t\t\t\t\t\t\t\t\t\t\t<\/div>\n\t\t\t\t<div class=\"elementor-element elementor-element-a2c8e5d elementor-widget elementor-widget-image\" data-id=\"a2c8e5d\" data-element_type=\"widget\" data-e-type=\"widget\" data-widget_type=\"image.default\">\n\t\t\t\t\t\t\t\t\t\t\t\t\t\t\t<img decoding=\"async\" width=\"1200\" height=\"1800\" src=\"http:\/\/fomogroup.fr\/wp-content\/uploads\/2026\/02\/P1333313-1-scaled-1200x1800.jpg\" class=\"attachment-portfolio_item-thumbnail_portrait@2x size-portfolio_item-thumbnail_portrait@2x wp-image-448\" alt=\"\" srcset=\"http:\/\/fomogroup.fr\/wp-content\/uploads\/2026\/02\/P1333313-1-scaled-1200x1800.jpg 1200w, http:\/\/fomogroup.fr\/wp-content\/uploads\/2026\/02\/P1333313-1-scaled-600x900.jpg 600w\" sizes=\"100vw\" \/>\t\t\t\t\t\t\t\t\t\t\t\t\t\t\t<\/div>\n\t\t\t\t<div class=\"elementor-element elementor-element-15fef10 elementor-widget elementor-widget-text-editor\" data-id=\"15fef10\" data-element_type=\"widget\" data-e-type=\"widget\" data-widget_type=\"text-editor.default\">\n\t\t\t\t\t\t\t\t\t<p><b>Production Audiovisuel<\/b><b><br \/><\/b><\/p><ul><li><span style=\"font-weight: 400;\">Clips &amp; Court m\u00e9trage<\/span><span style=\"font-weight: 400;\"><br \/><\/span><\/li><li><span style=\"font-weight: 400;\">Strat\u00e9gie marketing digitale<\/span><span style=\"font-weight: 400;\"><br \/><\/span><\/li><li><span style=\"font-weight: 400;\">Graphisme<\/span><span style=\"font-weight: 400;\"><br \/><\/span><\/li><li><span style=\"font-weight: 400;\">Photographie<br \/><\/span><\/li><li><span style=\"font-weight: 400;\">Communication digitale<\/span><\/li><\/ul>\t\t\t\t\t\t\t\t<\/div>\n\t\t\t\t<div class=\"elementor-element elementor-element-12031e6 elementor-widget elementor-widget-text-editor\" data-id=\"12031e6\" data-element_type=\"widget\" data-e-type=\"widget\" data-widget_type=\"text-editor.default\">\n\t\t\t\t\t\t\t\t\t<p><b>Studio d\u2019enregistrement<\/b><b><br \/><\/b><\/p><ul><li><span style=\"font-weight: 400;\">Enregistrement<\/span><span style=\"font-weight: 400;\"><br \/><\/span><\/li><li><span style=\"font-weight: 400;\">Direction artistique musicale<br \/><\/span><\/li><li><span style=\"font-weight: 400;\">Mix<\/span><\/li><li><span style=\"font-weight: 400;\">Mastering<\/span><\/li><\/ul>\t\t\t\t\t\t\t\t<\/div>\n\t\t\t\t<div class=\"elementor-element elementor-element-6c1012b elementor-widget elementor-widget-text-editor\" data-id=\"6c1012b\" data-element_type=\"widget\" data-e-type=\"widget\" data-widget_type=\"text-editor.default\">\n\t\t\t\t\t\t\t\t\t<p><b>\u00c9v\u00e8nementiel culturel<\/b><b><br \/><\/b><\/p><ul><li><span style=\"font-weight: 400;\">Conception &amp; production d\u2019\u00e9v\u00e9nements d\u2019entreprise<\/span><span style=\"font-weight: 400;\"><br \/><\/span><\/li><li><span style=\"font-weight: 400;\">Concert &amp; performances artistiques<\/span><span style=\"font-weight: 400;\"><br \/><\/span><\/li><li><span style=\"font-weight: 400;\">Rassemblements culturels<\/span><\/li><\/ul>\t\t\t\t\t\t\t\t<\/div>\n\t\t\t\t\t<\/div>\n\t\t\t\t<\/div>\n\t\t<div class=\"elementor-element elementor-element-9e4b5e9 e-flex e-con-boxed e-con e-parent\" data-id=\"9e4b5e9\" data-element_type=\"container\" data-e-type=\"container\" data-settings=\"{&quot;background_background&quot;:&quot;classic&quot;}\">\n\t\t\t\t\t<div class=\"e-con-inner\">\n\t\t\t\t<div class=\"elementor-element elementor-element-350015a elementor-widget elementor-widget-heading\" data-id=\"350015a\" data-element_type=\"widget\" data-e-type=\"widget\" data-widget_type=\"heading.default\">\n\t\t\t\t\t<h2 class=\"elementor-heading-title elementor-size-default\">Ils nous font confiance<\/h2>\t\t\t\t<\/div>\n\t\t\t\t<div class=\"elementor-element elementor-element-252efe7 elementor-widget elementor-widget-text-editor\" data-id=\"252efe7\" data-element_type=\"widget\" data-e-type=\"widget\" data-widget_type=\"text-editor.default\">\n\t\t\t\t\t\t\t\t\t<p><span id=\"docs-internal-guid-fb696fb4-7fff-4763-1d4d-fe221f06040d\" style=\"caret-color: #000000; color: #000000;\"><span style=\"font-size: 11pt; font-family: Arial, sans-serif; font-variant-ligatures: normal; font-variant-alternates: normal; font-variant-numeric: normal; font-variant-east-asian: normal; font-variant-position: normal; vertical-align: baseline; white-space: pre-wrap;\">Brive Tourisme , Brive tattoo Shop, Jungle Raidog, Le Complexe, La charrette, Le Bowling de Brive, Eden Night Club, Sofradis, Le Chat noir.<\/span><\/span><\/p>\t\t\t\t\t\t\t\t<\/div>\n\t\t<div class=\"elementor-element elementor-element-0cba3cc e-grid e-con-full e-con e-child\" data-id=\"0cba3cc\" data-element_type=\"container\" data-e-type=\"container\">\n\t\t\t\t<div class=\"elementor-element elementor-element-03da7e5 elementor-widget elementor-widget-image\" data-id=\"03da7e5\" data-element_type=\"widget\" data-e-type=\"widget\" data-widget_type=\"image.default\">\n\t\t\t\t\t\t\t\t\t\t\t\t\t\t\t<img loading=\"lazy\" decoding=\"async\" width=\"512\" height=\"262\" src=\"http:\/\/fomogroup.fr\/wp-content\/uploads\/2026\/02\/unnamed-1.png\" class=\"attachment-large size-large wp-image-89\" alt=\"\" srcset=\"http:\/\/fomogroup.fr\/wp-content\/uploads\/2026\/02\/unnamed-1.png 512w, http:\/\/fomogroup.fr\/wp-content\/uploads\/2026\/02\/unnamed-1-300x154.png 300w\" sizes=\"100vw\" \/>\t\t\t\t\t\t\t\t\t\t\t\t\t\t\t<\/div>\n\t\t\t\t<div class=\"elementor-element elementor-element-658c88c elementor-widget elementor-widget-image\" data-id=\"658c88c\" data-element_type=\"widget\" data-e-type=\"widget\" data-widget_type=\"image.default\">\n\t\t\t\t\t\t\t\t\t\t\t\t\t\t\t<img decoding=\"async\" src=\"http:\/\/fomogroup.fr\/wp-content\/plugins\/elementor\/assets\/images\/placeholder.png\" title=\"\" alt=\"\" loading=\"lazy\" \/>\t\t\t\t\t\t\t\t\t\t\t\t\t\t\t<\/div>\n\t\t\t\t<div class=\"elementor-element elementor-element-55484e0 elementor-widget elementor-widget-image\" data-id=\"55484e0\" data-element_type=\"widget\" data-e-type=\"widget\" data-widget_type=\"image.default\">\n\t\t\t\t\t\t\t\t\t\t\t\t\t\t\t<img loading=\"lazy\" decoding=\"async\" width=\"950\" height=\"575\" src=\"http:\/\/fomogroup.fr\/wp-content\/uploads\/2026\/02\/Logo-JungleRD-1024x620.png\" class=\"attachment-large size-large wp-image-462\" alt=\"\" srcset=\"http:\/\/fomogroup.fr\/wp-content\/uploads\/2026\/02\/Logo-JungleRD-1024x620.png 1024w, http:\/\/fomogroup.fr\/wp-content\/uploads\/2026\/02\/Logo-JungleRD-300x182.png 300w, http:\/\/fomogroup.fr\/wp-content\/uploads\/2026\/02\/Logo-JungleRD-2000x1212.png 2000w, http:\/\/fomogroup.fr\/wp-content\/uploads\/2026\/02\/Logo-JungleRD-scaled-1536x931.png 1536w, http:\/\/fomogroup.fr\/wp-content\/uploads\/2026\/02\/Logo-JungleRD-scaled-2048x1241.png 2048w, http:\/\/fomogroup.fr\/wp-content\/uploads\/2026\/02\/Logo-JungleRD-scaled-600x364.png 600w, http:\/\/fomogroup.fr\/wp-content\/uploads\/2026\/02\/Logo-JungleRD-scaled-1200x727.png 1200w\" sizes=\"100vw\" \/>\t\t\t\t\t\t\t\t\t\t\t\t\t\t\t<\/div>\n\t\t\t\t<div class=\"elementor-element elementor-element-1b182e6 elementor-widget elementor-widget-image\" data-id=\"1b182e6\" data-element_type=\"widget\" data-e-type=\"widget\" data-widget_type=\"image.default\">\n\t\t\t\t\t\t\t\t\t\t\t\t\t\t\t<img loading=\"lazy\" decoding=\"async\" width=\"474\" height=\"318\" src=\"http:\/\/fomogroup.fr\/wp-content\/uploads\/2026\/02\/Logo-Noir-Sans-Fond.png\" class=\"attachment-large size-large wp-image-463\" alt=\"\" srcset=\"http:\/\/fomogroup.fr\/wp-content\/uploads\/2026\/02\/Logo-Noir-Sans-Fond.png 474w, http:\/\/fomogroup.fr\/wp-content\/uploads\/2026\/02\/Logo-Noir-Sans-Fond-300x201.png 300w\" sizes=\"100vw\" \/>\t\t\t\t\t\t\t\t\t\t\t\t\t\t\t<\/div>\n\t\t\t\t<div class=\"elementor-element elementor-element-beb5bbd elementor-widget elementor-widget-image\" data-id=\"beb5bbd\" data-element_type=\"widget\" data-e-type=\"widget\" data-widget_type=\"image.default\">\n\t\t\t\t\t\t\t\t\t\t\t\t\t\t\t<img decoding=\"async\" src=\"http:\/\/fomogroup.fr\/wp-content\/plugins\/elementor\/assets\/images\/placeholder.png\" title=\"\" alt=\"\" loading=\"lazy\" \/>\t\t\t\t\t\t\t\t\t\t\t\t\t\t\t<\/div>\n\t\t\t\t<div class=\"elementor-element elementor-element-22328ad elementor-widget elementor-widget-image\" data-id=\"22328ad\" data-element_type=\"widget\" data-e-type=\"widget\" data-widget_type=\"image.default\">\n\t\t\t\t\t\t\t\t\t\t\t\t\t\t\t<img loading=\"lazy\" decoding=\"async\" width=\"950\" height=\"197\" src=\"http:\/\/fomogroup.fr\/wp-content\/uploads\/2026\/02\/logo-bowling-1024x212.png\" class=\"attachment-large size-large wp-image-465\" alt=\"\" srcset=\"http:\/\/fomogroup.fr\/wp-content\/uploads\/2026\/02\/logo-bowling-1024x212.png 1024w, http:\/\/fomogroup.fr\/wp-content\/uploads\/2026\/02\/logo-bowling-300x62.png 300w, http:\/\/fomogroup.fr\/wp-content\/uploads\/2026\/02\/logo-bowling-2000x414.png 2000w, http:\/\/fomogroup.fr\/wp-content\/uploads\/2026\/02\/logo-bowling-scaled-1536x318.png 1536w, http:\/\/fomogroup.fr\/wp-content\/uploads\/2026\/02\/logo-bowling-scaled-2048x424.png 2048w, http:\/\/fomogroup.fr\/wp-content\/uploads\/2026\/02\/logo-bowling-scaled-600x124.png 600w, http:\/\/fomogroup.fr\/wp-content\/uploads\/2026\/02\/logo-bowling-scaled-1200x248.png 1200w\" sizes=\"100vw\" \/>\t\t\t\t\t\t\t\t\t\t\t\t\t\t\t<\/div>\n\t\t\t\t<div class=\"elementor-element elementor-element-041a1c5 elementor-widget elementor-widget-image\" data-id=\"041a1c5\" data-element_type=\"widget\" data-e-type=\"widget\" data-widget_type=\"image.default\">\n\t\t\t\t\t\t\t\t\t\t\t\t\t\t\t<img loading=\"lazy\" decoding=\"async\" width=\"950\" height=\"365\" src=\"http:\/\/fomogroup.fr\/wp-content\/uploads\/2026\/02\/eden-logo-1024x393.png\" class=\"attachment-large size-large wp-image-464\" alt=\"\" srcset=\"http:\/\/fomogroup.fr\/wp-content\/uploads\/2026\/02\/eden-logo-1024x393.png 1024w, http:\/\/fomogroup.fr\/wp-content\/uploads\/2026\/02\/eden-logo-300x115.png 300w, http:\/\/fomogroup.fr\/wp-content\/uploads\/2026\/02\/eden-logo-2000x767.png 2000w, http:\/\/fomogroup.fr\/wp-content\/uploads\/2026\/02\/eden-logo-scaled-1536x589.png 1536w, http:\/\/fomogroup.fr\/wp-content\/uploads\/2026\/02\/eden-logo-scaled-2048x786.png 2048w, http:\/\/fomogroup.fr\/wp-content\/uploads\/2026\/02\/eden-logo-scaled-600x230.png 600w, http:\/\/fomogroup.fr\/wp-content\/uploads\/2026\/02\/eden-logo-scaled-1200x460.png 1200w\" sizes=\"100vw\" \/>\t\t\t\t\t\t\t\t\t\t\t\t\t\t\t<\/div>\n\t\t\t\t<div class=\"elementor-element elementor-element-c3050e4 elementor-widget elementor-widget-image\" data-id=\"c3050e4\" data-element_type=\"widget\" data-e-type=\"widget\" data-widget_type=\"image.default\">\n\t\t\t\t\t\t\t\t\t\t\t\t\t\t\t<img decoding=\"async\" src=\"http:\/\/fomogroup.fr\/wp-content\/plugins\/elementor\/assets\/images\/placeholder.png\" title=\"\" alt=\"\" loading=\"lazy\" \/>\t\t\t\t\t\t\t\t\t\t\t\t\t\t\t<\/div>\n\t\t\t\t<div class=\"elementor-element elementor-element-b9191a1 elementor-widget elementor-widget-image\" data-id=\"b9191a1\" data-element_type=\"widget\" data-e-type=\"widget\" data-widget_type=\"image.default\">\n\t\t\t\t\t\t\t\t\t\t\t\t\t\t\t<img decoding=\"async\" src=\"http:\/\/fomogroup.fr\/wp-content\/plugins\/elementor\/assets\/images\/placeholder.png\" title=\"\" alt=\"\" loading=\"lazy\" \/>\t\t\t\t\t\t\t\t\t\t\t\t\t\t\t<\/div>\n\t\t\t\t<\/div>\n\t\t\t\t\t<\/div>\n\t\t\t\t<\/div>\n\t\t\t\t<\/div>\n\t\t","protected":false},"excerpt":{"rendered":"<p>https:\/\/youtu.be\/ngoIthq4f_c FOMO &#8211; cr\u00e9er, produire, f\u00e9d\u00e9rer FOMO est une agence cr\u00e9ative ind\u00e9pendante au croisement de la culture, de l\u2019image et du son. Nous accompagnons les marques, les artistes et les projets ambitieux dans la cr\u00e9ation de contenus forts, authentiques et ancr\u00e9s dans leur \u00e9poque.On analyse, on comprend, puis on cr\u00e9e. Chaque client a ses enjeux, &hellip; <\/p>\n<p class=\"link-more\"><a href=\"https:\/\/fomogroup.fr\/\" class=\"more-link\">Lire la suite de<span class=\"screen-reader-text\">\u00ab\u00a0Homepage\u00a0\u00bb<\/span><\/a><\/p>\n","protected":false},"author":1,"featured_media":0,"parent":0,"menu_order":0,"comment_status":"closed","ping_status":"closed","template":"page-templates\/homepage-builder-bb.php","meta":{"_inspiro_hide_title":true,"footnotes":""},"class_list":["post-8","page","type-page","status-publish","hentry"],"featured_media_urls":[],"_links":{"self":[{"href":"https:\/\/fomogroup.fr\/index.php\/wp-json\/wp\/v2\/pages\/8","targetHints":{"allow":["GET"]}}],"collection":[{"href":"https:\/\/fomogroup.fr\/index.php\/wp-json\/wp\/v2\/pages"}],"about":[{"href":"https:\/\/fomogroup.fr\/index.php\/wp-json\/wp\/v2\/types\/page"}],"author":[{"embeddable":true,"href":"https:\/\/fomogroup.fr\/index.php\/wp-json\/wp\/v2\/users\/1"}],"replies":[{"embeddable":true,"href":"https:\/\/fomogroup.fr\/index.php\/wp-json\/wp\/v2\/comments?post=8"}],"version-history":[{"count":75,"href":"https:\/\/fomogroup.fr\/index.php\/wp-json\/wp\/v2\/pages\/8\/revisions"}],"predecessor-version":[{"id":471,"href":"https:\/\/fomogroup.fr\/index.php\/wp-json\/wp\/v2\/pages\/8\/revisions\/471"}],"wp:attachment":[{"href":"https:\/\/fomogroup.fr\/index.php\/wp-json\/wp\/v2\/media?parent=8"}],"curies":[{"name":"wp","href":"https:\/\/api.w.org\/{rel}","templated":true}]}}